ctor of 32 and x?
16
Let q be (6 + -1)*-1 - -1. Let o be (-6)/q*10/(-3). Let k(v) = -2*v**3 - 7*v**2 - 6*v - 5. Let l be k(o). What is the greatest common factor of 40 and l?
20
Let t(d) = -d**3 + 5*d**2 + 7*d + 10. Let u(p) = -p - 4. Let c be u(-10). Let f be t(c). What is the highest common divisor of f and 80?
16
Suppose -8*a + 36 = -10*a. Let f = a - -21. Suppose -4*q + 28 = -f*q. What is the highest common factor of q and 4?
4
Let q = 18 + 12. Let r be (-4)/q + (-1172)/(-15). Suppose i = -i + r. What is the highest common factor of i and 26?
13
Suppose 4*x - 2*d = 30, 4*x = -d + 32 - 5. Let a be 6 + -1 + (2 - 0). What is the highest common factor of x and a?
7
Let t be (300/8*2)/((-21)/(-14)). What is the greatest common factor of t and 200?
50
Let c be (1430/(-44))/(-2 - (-7)/4). Calculate the highest common factor of 10 and c.
10
Let x be (-694)/(-2) - (-21 - -25). What is the highest common factor of 98 and x?
49
Let y = -308 + 337. Calculate the greatest common divisor of 203 and y.
29
Let v be -5 - (-27080)/(0 + 8). Calculate the greatest common factor of 20 and v.
20
Let k = -1702 + 1720. What is the highest common factor of 603 and k?
9
Suppose 2*t + 1 = -1. Let g be (20/(-16))/(t/4). Let d(v) = -v**3 - 13*v**2 - 21*v + 26. Let j be d(-11). What is the greatest common divisor of g and j?
5
Let s(g) = -g**2 + 11*g - 1. Let h be s(11). Let c be (-14 - -26) + h + 0. What is the greatest common factor of 1 and c?
1
Let n = 41 + -38. Suppose -12 = -m - m. Suppose -m*z = -108 - 36. What is the greatest common factor of n and z?
3
Let i(n) be the first derivative of n**4/4 - 10*n**3/3 - 3*n**2 - 5*n + 2. Let a be i(8). Let c = -109 - a. What is the highest common factor of c and 8?
8
Suppose 0 = -y + 13*p - 12*p + 2133, -4*p + 4266 = 2*y. What is the highest common divisor of y and 79?
79
Let x = 2 - 2. Suppose 3*g - 6 = -x*g. Suppose -3*v - g = -8. What is the greatest common factor of v and 14?
2
Let d = 113 - 165. Let f = d - -70. What is the greatest common factor of 18 and f?
18
Let a = -17 + 27. Let y = -276 - -286. Calculate the greatest common divisor of y and a.
10
Let k = 1161 + -729. What is the highest common divisor of k and 18?
18
Let v be (14/4)/((-1573)/264 - -6). Calculate the highest common factor of 108 and v.
12
Let r be (36/(-15))/(3/15)*-19. Suppose 23*x - 11*x = r. Calculate the greatest common divisor of 19 and x.
19
Let b be (-1)/(-3)*2*3. Let c be (2/(-3))/(39/(-1287)). Calculate the highest common factor of c and b.
2
Let j = 546 - 295. Suppose j = 3*p + 53. Let h = 3547 - 3525. What is the highest common divisor of h and p?
22
Let t(d) = 24*d**3 + 5*d**2 - 4*d - 1. Let f be t(1). Calculate the highest common divisor of f and 24.
24
Let f = 17 - 14. Suppose -u + 2 = -f. Suppose 4*t + u*d + 47 = 176, 195 = 5*t - 5*d. Calculate the greatest common factor of 12 and t.
12
Suppose -8*n + 12 + 20 = 0. Suppose 40 = k + n*k. Let r(g) = 25*g**2 - g. Let a be r(1). Calculate the highest common factor of a and k.
8
Suppose 0 = -3*n + i + 30 + 13, -n - i = -9. Suppose n + 11 = 3*m. What is the greatest common divisor of m and 32?
8
Suppose 2*u = 3*f + 653, 267*u - 262*u - 4*f - 1615 = 0. What is the greatest common divisor of u and 58?
29
Let k(w) = w**2 - 2*w - 4. Let d be k(6). Suppose 0*f - 30 = -5*f. Suppose 0 = f*p + p - 280. What is the greatest common factor of d and p?
20
Let r(f) = 77*f + 58. Let t be r(14). Calculate the highest common divisor of t and 16.
16
Suppose -5*a = 482 - 1532. Calculate the greatest common factor of 35 and a.
35
Let m = -3 + 8. Suppose m*u = 3*u + 66. Suppose -5*p = -f - 2*p + 14, p = -f + 10. What is the greatest common divisor of u and f?
11
Let y = 128 - 147. Let k be 17/3 + y/(-57). Calculate the greatest common factor of 33 and k.
3
Suppose 309 = 5*b - 51. Suppose -4*x + 84 = -0*x. Suppose -11 = -4*v + x. What is the highest common factor of v and b?
8
Let p(g) = 3*g**3 - 16*g**2 + 21*g - 21. Let w be p(6). What is the greatest common factor of w and 295?
59
Let k(g) = -g + 2. Let v be k(8). Let p = -6 - v. Suppose -1 = b, -b = 3*w - 5 - p. Calculate the greatest common factor of 14 and w.
2
Suppose -7*q = -6*q - 60. Suppose -38 = -3*j + 2*d - 3*d, -5*d - 26 = -3*j. Let i = j + q. Calculate the greatest common factor of i and 8.
8
Let o = 26 + 14. What is the highest common factor of o and 50?
10
Let a = -16 - -31. Suppose 14*n - 30 = 4*n. Let c(r) = 4*r - 6. Let m be c(n). What is the highest common divisor of a and m?
3
Let g be -5*(-18 + -1) + 1. Suppose -p + 3*l = 3, -7*l + 2*l + 73 = 4*p. Calculate the highest common divisor of g and p.
12
Let n = -34 - -117. Let s = n + 21. Calculate the greatest common factor of s and 13.
13
Let w = -15 + 202. Suppose 6*l - 7*l = -w. Calculate the greatest common factor of 17 and l.
17
Suppose 0 = 2*i + 2*v + 46, 0 = 4*i + v - 70 + 168. Let y = -21 - i. What is the greatest common factor of 4 and y?
4
Suppose -4*s + 4*a + 206 = -890, 2*a = s - 272. Let g be s/27 - 5*(-2)/(-45). Calculate the greatest common divisor of g and 65.
5
Let r be 4 - (-3 - 110 - -7). Calculate the highest common factor of r and 66.
22
Let p(u) = 17*u**3 - 2*u**2 + 2*u - 1. Let b be p(1). Let z(d) = 3*d - 1. Let l be z(2). Suppose -2*k - 1 = -l. Calculate the highest common factor of b and k.
2
Let o be (-1770)/(-225) - (-4)/30. Let r = 200 - o. Let v be (-36)/(-5)*30/9. What is the highest common factor of r and v?
24
Suppose 0 = -2*w + 10 - 18. Let k be 4*8/(-64) + (-46)/w. Calculate the greatest common factor of 88 and k.
11
Suppose 4*y - 5*y = d - 7, d - 23 = -5*y. Let z be (68/(-8))/((-2)/y)*1. Calculate the highest common divisor of z and 17.
17
Let v be (-3840)/(-220) + (-24)/(-44). What is the greatest common divisor of v and 50?
2
Suppose 10*t - 1069 + 149 = 0. Suppose -4*c + 52 = -t. What is the greatest common factor of 324 and c?
36
Let r be 3/2*280/12. Let x = -5 + r. What is the greatest common divisor of 20 and x?
10
Let s(q) = q**3 - 42*q**2 + 82*q - 72. Let m be s(40). What is the highest common divisor of 568 and m?
8
Suppose 3*y - 16 = -y. Suppose 16 = 4*w, 91 - 23 = 3*l + 5*w. What is the highest common divisor of l and y?
4
Suppose -11*w = 2*w - 702. Calculate the highest common factor of w and 27.
27
Let f = -22 + 32. Let c(h) = -h**2 - 62*h - 772. Let q be c(-44). Calculate the highest common divisor of q and f.
10
Let b be 56/2 + 2 + -2. Let a(j) = -3*j**2 - 53*j + 25. Let l be a(-18). What is the highest common divisor of l and b?
7
Suppose -69 = -c - 3*f, -c - 2*f + 66 + 1 = 0. Suppose 5*i + 6 = 2*i. Let k(a) = -12*a - 3. Let p be k(i). Calculate the highest common factor of c and p.
21
Suppose -2*x = -2*i + 36 - 4, -5*x + i = 100. Let h be (112/x)/(6/(-27)). Suppose h = 4*r - 3*r. Calculate the highest common divisor of r and 6.
6
Let v be (3/1)/((-36)/(-336)). Calculate the highest common divisor of 1 and v.
1
Let n(c) be the third derivative of -5*c**4/24 - c**3/6 - 10*c**2. Let y be n(-1). Calculate the greatest common divisor of y and 4.
4
Let p = 169 - 109. Suppose -2*r - 33 = v, 11*r - 9*r + 197 = -5*v. Let y = v + p. Calculate the highest common factor of y and 76.
19
Suppose -6*i + 239 - 41 = 0. Let v = 2 + 97. Calculate the greatest common factor of i and v.
33
Let p be 2*4/(-2) - (-25 - -1). Calculate the greatest common divisor of p and 20.
20
Suppose -s - 1 = -2*n - 7, -3*n = -12. Calculate the highest common divisor of 98 and s.
14
Let s be (2/(-2))/1 - -5. Let u(l) = 5*l**2 - 3*l + 1. Let x be u(s). Suppose 460 = 12*k - 2*k. What is the greatest common factor of k and x?
23
Suppose 15*j - 10*j - 75 = 0. What is the greatest common factor of j and 105?
15
Suppose -g = -6 + 2. Suppose g*j = 390 - 50. What is the greatest common divisor of j and 17?
17
Suppose -10*b = -15*b + 255. Suppose 4*j - x - 57 = 0, 12 + b = 4*j + x. What is the highest common factor of j and 6?
3
Suppose 0 = 7*p + 13*p - 2160. Calculate the highest common factor of 144 and p.
36
Let v(n) = -23*n**3 - 3*n**2 + n + 6. Let z be v(-2). Calculate the greatest common divisor of z and 22.
22
Let m = 16 - 16. Suppose -h - h + 32 = m. Suppose 4*i - 20 - h = 0. What is the greatest common divisor of i and 63?
9
Let n(b) = 5*b**3 - 4*b**2 + 9*b + 18. Let x be n(6